 (-4 + s)/(2 + -1). What is w(x)?
2
Let d be 27 + 108 - (2 + -2 + -3). Let t be 6/(-5)*(-460)/d. Let p(w) = -4*w + 1. Calculate p(t).
-15
Let t(i) = -9*i**2 - 6*i - 5. Let o be (-18 + 25)*56/(-98). Give t(o).
-125
Let j(g) = -g**3 - 14*g**2 - 8*g - 5. Let o(l) = l**3 + 160*l**2 + 2*l + 307. Let x be o(-160). Determine j(x).
-70
Let q(a) be the third derivative of a**5/60 - a**4/6 - 5*a**3/2 + 3034*a**2. Calculate q(7).
6
Let o = 23243 - 23255. Let n(q) = -q**3 - 13*q**2 - 17*q - 37. Calculate n(o).
23
Let q be 54/(-18) - -3*2. Suppose 27*l - 3*k = 26*l + 1, -17 = q*l - 4*k. Let d(a) = -a**2 - 10*a + 7. What is d(l)?
-4
Let m(b) = 16 - 44*b - 39*b + 23*b**2 - 3*b**3 + 5*b**3 + 95*b. Let n be m(-11). Let q(k) = k**2 - 4*k + 7. Give q(n).
12
Suppose 4*a - 2 = -34. Let j(c) be the first derivative of -1/4*c**4 - 10 - 6*c + 7/2*c**2 - 7/3*c**3. What is j(a)?
2
Let a be (7 - 2 - 20)/(-1 + (-4)/(-2)). Let m(h) = 8*h**2 + h**3 - 2*h + 4*h**2 - 28 + 3*h**2. What is m(a)?
2
Let o(n) be the third derivative of 1/6*n**3 + 0*n - 1/4*n**4 + 0 + 91*n**2. What is o(1)?
-5
Suppose v - 5*i - 10 = 0, -2*v - 2*i - i = 19. Let z be v + 0 - (-13 - -9). Let c(l) = -7*l + 1. What is c(z)?
8
Let h(k) = -k**3 - 8*k**2 - 10*k - 18. Let s(d) = -d**3 - 8*d**2 - 10*d - 19. Suppose -23 = -4*r - 11. Let y(f) = r*s(f) - 4*h(f). Determine y(-7).
-6
Let l(v) = 13*v + 34 + 12 - 16*v. Let m(u) = -2*u + 31. Let z(n) = 5*l(n) - 8*m(n). What is z(15)?
-3
Let p(j) = -7*j + 1. Suppose 1014 = 3*f - 2*d - 1566, -3*d - 853 = -f. Let w = -864 + f. Calculate p(w).
15
Let a(v) = -5*v**3 + 13*v**2 - 12. Let k(w) = w**3 - 93 + w**2 - w - 2*w**3 + 92. Let d(u) = -a(u) + 6*k(u). What is d(-6)?
6
Suppose -3*j - 28 = 2*s, -5*j - 2*s = 19 + 29. Let b(z) = -2*z**2 - 16*z + 13. What is b(j)?
-27
Suppose 4*y - 5*w + 8 = -7, -4*y + 3*w - 17 = 0. Let h(m) be the second derivative of m**3/6 - 3*m**2 - 2341*m + 1. Calculate h(y).
-11
Let w(v) = -v**3 - 11*v**2 + v + 12. Let r be (1 - 0)/(-3 - (-96)/33). Let z be w(r). Let s(f) = 10*f**2 - z - 8*f + 13*f**2 + 6*f. Determine s(-1).
24
Let l = 15 - 22. Let u = -2 - l. Let a(y) be the second derivative of y**3/3 - 3*y**2/2 + 5*y - 168. What is a(u)?
7
Suppose 0 = 5*x - 10, 5*x - 35 = -5*r - 0*x. Let v(g) = 2*g - 2. Let u = 100 - 92. Let m(p) = 6*p - 7. Let n(b) = u*v(b) - 3*m(b). Determine n(r).
-5
Let v = -3 + 1. Let c(p) = -2827 + 1414 + 1411 + 0*p**2 - 2*p**2 - 2*p**2 + 0*p + p. What is c(v)?
-20
Let r(i) = 22*i**2 + 23*i - 12. Let b(s) = -26*s**2 - 20*s + 12. Let h(c) = 6*b(c) + 7*r(c). What is h(20)?
8
Let p(v) = v**2 - 5*v - 1. Let u = -20 + 21. Let n = -1 - -2. Let j be n + -3 + 1 + (u - -4). Determine p(j).
-5
Let f(s) = -s - 5. Let a = 915 + -920. What is f(a)?
0
Let d(g) be the third derivative of 84*g**2 + 0*g + 0 + 1/6*g**3 - 1/60*g**5 + 1/24*g**4. Give d(-2).
-5
Let a(g) = 79*g + 1. Let k be a(-1). Let w = -73 - k. Let t be (-3 + 25/w)*-3. Let x(i) = i**2 + 5*i - 8. What is x(t)?
-2
Let z(q) = -4*q + 3. Let x(v) = -v**3 - 2*v**2 + 11*v + 7. Let u be x(3). Let t(f) = -f + 1. Let a(c) = u*t(c) + z(c). What is a(0)?
-2
Let d(z) = -z + 6. Let q be -1*(6 - (-1 + 637 + -6)). Let c = -617 + q. What is d(c)?
-1
Let w(k) = 2*k + 23. Let x(h) = 8. Let g(d) = w(d) - 3*x(d). What is g(20)?
39
Let m(c) = -24 + 0 + 7*c - 21 + 3. What is m(8)?
14
Suppose -25*w + 111 = 12*w. Suppose w*g + 5 = 5*l, 7*g - 3*g - 3*l = -3. Let r(m) = m**3 - m**2 + m + 1. Determine r(g).
1
Let o(m) = 31*m - 245. Suppose 5*l = d + 40, 0 = -4*l + 119*d - 114*d + 32. Calculate o(l).
3
Let m(r) = 10*r**3 - 2*r**2 + 1. Let f(n) = -2*n**3 - 13*n**2 + 5*n - 13. Suppose 0 = 15*u + 90 + 15. Let q be f(u). What is m(q)?
9
Let l(s) = -4*s**3 + 5*s**2 - s + 5. Let n(w) = w**3. Let i(q) = l(q) + 3*n(q). Let k(d) = -9*d + 5. Let g be k(9). Let t = 81 + g. Determine i(t).
0
Let z(j) be the third derivative of -5*j**4/2 + 5948*j**2. What is z(-1)?
60
Let t(a) be the first derivative of -a**3/6 + 3*a**2 - 30*a - 41. Let w(s) be the first derivative of t(s). What is w(3)?
3
Let w(f) be the third derivative of -f**5/30 + 7*f**4/12 + 23*f**3/6 - 6025*f**2. Calculate w(9).
-13
Let x(y) be the first derivative of y**6/120 - y**5/12 + 7*y**4/24 - 3*y**3/2 - 5*y**2 - 2*y - 119. Let l(b) be the second derivative of x(b). Calculate l(3).
-6
Let i(o) = 25*o - 265. Let z be (14*(-6)/21)/((-4)/11). Calculate i(z).
10
Let j = -106 - -98. Let m(n) = 27*n - 7. Let l(p) = 34*p - 7. Let t(z) = 4*l(z) - 5*m(z). Calculate t(j).
-1
Let p be 9 - (-3 + 7) - (4 + -2). Let f(s) = 4*s + 8. Determine f(p).
20
Let z(u) = u**2 - 2*u + 2. Let d = -928 - -958. Suppose 2*i + 29*j + 5 = d*j, -5 = -3*i - j. What is z(i)?
2
Let x(k) be the second derivative of -51 - 3/2*k**3 + k + k**2. Give x(2).
-16
Suppose 5*o = 4*o + 3. Let u(s) = -3716623 + s - 5*s**2 + 0*s + 3716624. Determine u(o).
-41
Suppose -3*c + y = -c - 8, -4*c + 4 = y. Let x(t) = 16*t**2 + 11*t - 1. Let s(q) = 18*q**2 + 16*q - 2. Let r(h) = 3*s(h) - 4*x(h). Give r(c).
-34
Let g(x) = -x**3 + 5*x**2 + 26*x - 16. Suppose t + 7 = 3*k + 6, 3*t - 30 = -2*k. What is g(t)?
0
Let q(k) be the first derivative of -k**2/2 - 16*k - 34. Let h = 699 - 711. Determine q(h).
-4
Let d(f) = -383717 + 176*f + 383648 + 4*f**2 - 30*f. Calculate d(-37).
5
Suppose 2*d - 10 = 0, 5*d = -884*q + 885*q + 26. Let f(o) = 4*o**3 - 5*o**2 + 6*o + 6. Let c(w) = w**3 + w**2 - w - 1. Let a(s) = -5*c(s) - f(s). Give a(q).
9
Let t(n) = -n**2 - 11*n + 9. Let v be t(-10). Suppose -2*u + 11 = c, -2*u = 2*u + c - v. Let m(d) = -4 - 7*d + 2*d**2 + d - u - 3*d**2. Determine m(-6).
-8
Let b(f) = -f - 4. Suppose -4 = m - 5*m. Let s(t) = 1. Let d(c) = m*b(c) + s(c). Suppose 4*g - 21 = 3*n, -2*n - 14 = -6*g + g. Calculate d(g).
-3
Let h(c) be the third derivative of c**7/840 + c**6/360 + c**5/120 + c**4/8 + 61*c**3/2 + 341*c**2. Let u(l) be the first derivative of h(l). Calculate u(-3).
-18
Let q(d) = 6*d - 68. Let f = -4295 - -4310. What is q(f)?
22
Let n(m) = 15*m + 142. Let q be n(-8). Suppose i + y + 8 = 0, q = -5*i - 0*i + y. Let w(d) be the first derivative of d**3/3 + 2*d**2 + d + 1. What is w(i)?
6
Let c(u) = -u**2 - u. Let y(s) = s**3 - 13*s**2 + 5. Let x(q) = 6*c(q) - y(q). Let m be 52/390 - (-3)/(360/704). Give x(m).
-5
Let o(d) = d - 3. Let l be (-22)/(-10) - 2/10. Suppose -4*t + 90 = -t. Suppose 0 = -3*u - l*u + t. What is o(u)?
3
Suppose -w + 40 - 44 = 0. Let l(g) = -g**2 - 1. Let x(j) = 2*j**2 - 5*j - 1. Let n(b) = -3*l(b) - x(b). What is n(w)?
0
Let u(c) = -c**2 - 7*c - 2. Let d(j) = 4*j**2 - 1. Let z be d(1). Suppose -2*m + 19 = -2*i - z, 4*m = -4*i - 12. What is u(i)?
-2
Let d(i) = 3*i + 2. Suppose 5*g + 10 = 5*a + 6*g, 0 = -3*g. Suppose a*b = 3*l + 2, -4*l - 30 + 12 = 5*b. What is d(l)?
-4
Let s(o) = o**2 + 3*o + 1. Let j(d) be the third derivative of -67*d**4/24 - 11*d**3/3 + 27*d**2. Let x be j(-2). Let n = x - 113. Give s(n).
-1
Let g(p) be the second derivative of p**4/12 - 7*p**2 - 953*p. Calculate g(-6).
22
Suppose -4*w = 2*n - 38, 4*w - 2*n - 2 = 16. Suppose -2*g + 5*b + 7 = 0, 7*g - 4*b = 8*g - 23. Let s(r) = -33 + g + 9*r - r**2 + 9 + 3. Calculate s(w).
4
Let b = 3963 - 3959. Let s(z) = -3*z + 2. Calculate s(b).
-10
Let d(c) = c + 16. Let r be d(-14). Let i be (16/(-6))/(r/(-15)). Let b(x) = -6*x + 9 - x**3 - 14*x + 7*x**2 + i*x - 9*x. Determine b(6).
-9
Suppose 111*m + 120 = 113*m. Suppose 62*b - m*b = 14. Let s be b + (-4 - 16)/4. Let d(w) = 8*w - 3. What is d(s)?
13
Let f be (5 - 141/27) + 10/45. Let n(y) = 106*y - 5*y**2 - y**3 + f*y**3 - 111*y. Determine n(-4).
4
Let a(s) be the third derivative of -s**6/120 + s**5/15 + s**4/4 - 2*s**3/3 - 2*s**2 - 133*s. Suppose 2*l - 3*g + 1 = -4, -2*g = 4*l - 30. Calculate a(l).
1
Let c = 4696 + -4673. Let g(o) = 7*o - 155. Calculate g(c).
6
Let h(p) = 3*p**2 + 54*p - p**2 + 5 - 79*p + 21*p. Let a(z) = 0*z**2 + 9 - 8*z - z**2 + 4*z**2. Let d(b) = -3*a(b) + 5*h(b). Determine d(-5).
3
Let m(z) = z**2 + 13*z + 3. Let w(v) = 2*v**3 - 8*v**2 + 19*v - 51. Let r be w(3). Determine m(r).
-9
Let q be (4 + 44/(-12))*24. Let v(m) = -m + 1. Let a(b) = -19*b + 1 + 29*b - 2 - 1. Let p(h) = q*v(h) + a(h). Calculate p(-4).
-2
Let b(s) be the second derivative of 5*s**3/6 - 17*s**2/2 - s + 292. What is b(10)?
33
Let i(d) be the first derivative of -3*d**2/2 -